{"id":83,"date":"2013-11-18T13:21:32","date_gmt":"2013-11-18T11:21:32","guid":{"rendered":"http:\/\/eventcare.ca\/kcgartenbau\/?page_id=83"},"modified":"2025-04-24T01:00:54","modified_gmt":"2025-04-23T23:00:54","slug":"ueber-uns","status":"publish","type":"page","link":"https:\/\/eventcare.ca\/kcgartenbau\/?page_id=83","title":{"rendered":"\u00dcber uns"},"content":{"rendered":"<h1><span style=\"color: #000000;\"><strong>Garten-Landschaftsbau Kai Cervo entwickelt individuelle L\u00f6sungen f\u00fcr Sie<\/strong><\/span><\/h1>\n<div>\n<p><span style=\"color: #000000;\">Ob Gartenbau, privates Klein- oder Gro\u00dfprojekt, Wohlf\u00fchl-Garten oder repr\u00e4sentative Au\u00dfenanlage: Wir realisieren Ihre Pl\u00e4ne und W\u00fcnsche.<\/span><\/p>\n<p><span style=\"color: #000000;\">Bei der Entwicklung ma\u00dfgeschneiderter L\u00f6sungen verbinden wir Kreativit\u00e4t mit sachlich fundierter Planung und Sorgfalt bei der Realisation. Dabei orientieren wir uns sowohl an Ihren individuellen W\u00fcnschen, Bed\u00fcrfnissen und Interessen als auch an der bereits vorhandenen Vegetation, der Topographie, der Hausarchitektur und dem Landschaftscharakter. Das Ergebnis: ein rundum stimmiges Konzept.<\/span><\/p>\n<\/div>\n<p><span style=\"color: #000000;\">Was unsere Firma auszeichnet:<\/span><\/p>\n<ul>\n<li><span style=\"color: #000000;\">Fachkundige Beratung<\/span><\/li>\n<li><span style=\"color: #000000;\">Kreative Ideen<\/span><\/li>\n<li><span style=\"color: #000000;\">Sorgf\u00e4ltige Planung und Realisation<\/span><\/li>\n<li><span style=\"color: #000000;\">Gewissenhafte Organisation des Bauprozesses<\/span><\/li>\n<li><span style=\"color: #000000;\">Individuelle Auswahl der Pflanzen<\/span><\/li>\n<li><span style=\"color: #000000;\">Hochwertige Gestaltung<\/span><\/li>\n<li><span style=\"color: #000000;\">Zuverl\u00e4ssige Pflege<\/span><\/li>\n<\/ul>\n<p><span style=\"color: #000000; font-size: 1.6em; font-weight: 600;\">Sie w\u00fcnschen eine individuelle Beratung?<\/span><\/p>\n<div>\n<p><span style=\"color: #000000;\">Vereinbaren Sie mit uns einen unverbindlichen Ortstermin:<br \/>\ntelefonisch unter <\/span><span style=\"color: #000000;\">+49 (176) 24269974, oder per e-mail: <a href=\"mailto:info@kcgartenbau.com\">info@kcgartenbau.com<\/a>\u00a0<\/span><\/p>\n<\/div>\n","protected":false},"excerpt":{"rendered":"<p>Garten-Landschaftsbau Kai Cervo entwickelt individuelle L\u00f6sungen f\u00fcr Sie Ob Gartenbau, privates Klein- oder Gro\u00dfprojekt, Wohlf\u00fchl-Garten oder repr\u00e4sentative Au\u00dfenanlage: Wir realisieren Ihre Pl\u00e4ne und W\u00fcnsche. Bei der Entwicklung ma\u00dfgeschneiderter L\u00f6sungen verbinden wir Kreativit\u00e4t mit sachlich fundierter Planung und Sorgfalt bei der Realisation. Dabei orientieren wir uns sowohl an Ihren individuellen W\u00fcnschen, Bed\u00fcrfnissen und Interessen als auch [&hellip;]<\/p>\n","protected":false},"author":1,"featured_media":0,"parent":0,"menu_order":2,"comment_status":"closed","ping_status":"closed","template":"","meta":{"footnotes":""},"class_list":["post-83","page","type-page","status-publish","hentry"],"_links":{"self":[{"href":"https:\/\/eventcare.ca\/kcgartenbau\/index.php?rest_route=\/wp\/v2\/pages\/83","targetHints":{"allow":["GET"]}}],"collection":[{"href":"https:\/\/eventcare.ca\/kcgartenbau\/index.php?rest_route=\/wp\/v2\/pages"}],"about":[{"href":"https:\/\/eventcare.ca\/kcgartenbau\/index.php?rest_route=\/wp\/v2\/types\/page"}],"author":[{"embeddable":true,"href":"https:\/\/eventcare.ca\/kcgartenbau\/index.php?rest_route=\/wp\/v2\/users\/1"}],"replies":[{"embeddable":true,"href":"https:\/\/eventcare.ca\/kcgartenbau\/index.php?rest_route=%2Fwp%2Fv2%2Fcomments&post=83"}],"version-history":[{"count":6,"href":"https:\/\/eventcare.ca\/kcgartenbau\/index.php?rest_route=\/wp\/v2\/pages\/83\/revisions"}],"predecessor-version":[{"id":496,"href":"https:\/\/eventcare.ca\/kcgartenbau\/index.php?rest_route=\/wp\/v2\/pages\/83\/revisions\/496"}],"wp:attachment":[{"href":"https:\/\/eventcare.ca\/kcgartenbau\/index.php?rest_route=%2Fwp%2Fv2%2Fmedia&parent=83"}],"curies":[{"name":"wp","href":"https:\/\/api.w.org\/{rel}","templated":true}]}}